{"id":2237,"date":"2026-03-24T17:25:33","date_gmt":"2026-03-24T16:25:33","guid":{"rendered":"https:\/\/tarchala-lezillustrations.com\/?page_id=2237"},"modified":"2026-05-07T09:37:04","modified_gmt":"2026-05-07T07:37:04","slug":"news","status":"publish","type":"page","link":"https:\/\/tarchala-lezillustrations.com\/?page_id=2237","title":{"rendered":"News"},"content":{"rendered":"\t\t<div data-elementor-type=\"wp-page\" data-elementor-id=\"2237\" class=\"elementor elementor-2237\">\n\t\t\t\t\t\t<section class=\"elementor-section elementor-top-section elementor-element elementor-element-40bdf53 elementor-section-boxed elementor-section-height-default elementor-section-height-default\" data-id=\"40bdf53\" data-element_type=\"section\" data-e-type=\"section\">\n\t\t\t\t\t\t<div class=\"elementor-container elementor-column-gap-default\">\n\t\t\t\t\t<div class=\"aux-parallax-section elementor-column elementor-col-33 elementor-top-column elementor-element elementor-element-e212386\" data-id=\"e212386\" data-element_type=\"column\" data-e-type=\"column\">\n\t\t\t<div class=\"elementor-widget-wrap elementor-element-populated\">\n\t\t\t\t\t\t<div class=\"elementor-element elementor-element-b167518 elementor-widget elementor-widget-text-editor\" data-id=\"b167518\" data-element_type=\"widget\" data-e-type=\"widget\" data-widget_type=\"text-editor.default\">\n\t\t\t\t<div class=\"elementor-widget-container\">\n\t\t\t\t\t\t\t\t\t<p><strong>******************************************************<br \/>D\u00e9dicace \u00e0 la librairie Le Grenier \u00e0 Dinan<\/strong> <br \/>Samedi apr\u00e8s-midi 20 juin 2026<\/p>\t\t\t\t\t\t\t\t<\/div>\n\t\t\t\t<\/div>\n\t\t\t\t\t<\/div>\n\t\t<\/div>\n\t\t\t\t<div class=\"aux-parallax-section elementor-column elementor-col-66 elementor-top-column elementor-element elementor-element-ca2b77f\" data-id=\"ca2b77f\" data-element_type=\"column\" data-e-type=\"column\">\n\t\t\t<div class=\"elementor-widget-wrap elementor-element-populated\">\n\t\t\t\t\t\t<div class=\"elementor-element elementor-element-6929dee elementor-widget__width-initial elementor-widget elementor-widget-image\" data-id=\"6929dee\" data-element_type=\"widget\" data-e-type=\"widget\" data-widget_type=\"image.default\">\n\t\t\t\t<div class=\"elementor-widget-container\">\n\t\t\t\t\t\t\t\t\t\t\t\t\t\t\t<img fetchpriority=\"high\" decoding=\"async\" width=\"349\" height=\"567\" src=\"https:\/\/tarchala-lezillustrations.com\/wp-content\/uploads\/2026\/05\/grnad-yeux.jpg\" class=\"attachment-large size-large wp-image-2668\" alt=\"\" \/>\t\t\t\t\t\t\t\t\t\t\t\t\t\t\t<\/div>\n\t\t\t\t<\/div>\n\t\t\t\t\t<\/div>\n\t\t<\/div>\n\t\t\t\t\t<\/div>\n\t\t<\/section>\n\t\t\t\t<section class=\"elementor-section elementor-top-section elementor-element elementor-element-663c663 elementor-section-boxed elementor-section-height-default elementor-section-height-default\" data-id=\"663c663\" data-element_type=\"section\" data-e-type=\"section\">\n\t\t\t\t\t\t<div class=\"elementor-container elementor-column-gap-default\">\n\t\t\t\t\t<div class=\"aux-parallax-section elementor-column elementor-col-33 elementor-top-column elementor-element elementor-element-845150c\" data-id=\"845150c\" data-element_type=\"column\" data-e-type=\"column\">\n\t\t\t<div class=\"elementor-widget-wrap elementor-element-populated\">\n\t\t\t\t\t\t<div class=\"elementor-element elementor-element-938daec elementor-widget elementor-widget-text-editor\" data-id=\"938daec\" data-element_type=\"widget\" data-e-type=\"widget\" data-widget_type=\"text-editor.default\">\n\t\t\t\t<div class=\"elementor-widget-container\">\n\t\t\t\t\t\t\t\t\t<p><strong>******************************************************<br \/><\/strong><strong>D\u00e9dicaces \u00e0 la librairie les Baronnes perch\u00e9es \u00e0 Liffr\u00e9<\/strong><br \/>Samedi apr\u00e8s-midi 30 mai 2026<\/p>\t\t\t\t\t\t\t\t<\/div>\n\t\t\t\t<\/div>\n\t\t\t\t\t<\/div>\n\t\t<\/div>\n\t\t\t\t<div class=\"aux-parallax-section elementor-column elementor-col-66 elementor-top-column elementor-element elementor-element-94dc4f9\" data-id=\"94dc4f9\" data-element_type=\"column\" data-e-type=\"column\">\n\t\t\t<div class=\"elementor-widget-wrap elementor-element-populated\">\n\t\t\t\t\t\t<div class=\"elementor-element elementor-element-f63020a elementor-widget__width-initial elementor-widget elementor-widget-image\" data-id=\"f63020a\" data-element_type=\"widget\" data-e-type=\"widget\" data-widget_type=\"image.default\">\n\t\t\t\t<div class=\"elementor-widget-container\">\n\t\t\t\t\t\t\t\t\t\t\t\t\t\t\t<img decoding=\"async\" width=\"640\" height=\"640\" src=\"https:\/\/tarchala-lezillustrations.com\/wp-content\/uploads\/2026\/03\/danseuse-2-640x640-1.jpg\" class=\"attachment-large size-large wp-image-2331\" alt=\"\" srcset=\"https:\/\/tarchala-lezillustrations.com\/wp-content\/uploads\/2026\/03\/danseuse-2-640x640-1.jpg 640w, https:\/\/tarchala-lezillustrations.com\/wp-content\/uploads\/2026\/03\/danseuse-2-640x640-1-300x300.jpg 300w, https:\/\/tarchala-lezillustrations.com\/wp-content\/uploads\/2026\/03\/danseuse-2-640x640-1-150x150.jpg 150w\" sizes=\"(max-width: 640px) 100vw, 640px\" \/>\t\t\t\t\t\t\t\t\t\t\t\t\t\t\t<\/div>\n\t\t\t\t<\/div>\n\t\t\t\t\t<\/div>\n\t\t<\/div>\n\t\t\t\t\t<\/div>\n\t\t<\/section>\n\t\t\t\t<section class=\"elementor-section elementor-top-section elementor-element elementor-element-f8783fc elementor-section-boxed elementor-section-height-default elementor-section-height-default\" data-id=\"f8783fc\" data-element_type=\"section\" data-e-type=\"section\">\n\t\t\t\t\t\t<div class=\"elementor-container elementor-column-gap-default\">\n\t\t\t\t\t<div class=\"aux-parallax-section elementor-column elementor-col-33 elementor-top-column elementor-element elementor-element-72d5603\" data-id=\"72d5603\" data-element_type=\"column\" data-e-type=\"column\">\n\t\t\t<div class=\"elementor-widget-wrap elementor-element-populated\">\n\t\t\t\t\t\t<div class=\"elementor-element elementor-element-bdbc07d elementor-widget elementor-widget-text-editor\" data-id=\"bdbc07d\" data-element_type=\"widget\" data-e-type=\"widget\" data-widget_type=\"text-editor.default\">\n\t\t\t\t<div class=\"elementor-widget-container\">\n\t\t\t\t\t\t\t\t\t<p><strong>******************************************************<br \/><\/strong><strong>Festival Etonnant Voyageur \u00e0 St Malo 23-24-25 mai 2026<\/strong><br \/>Samedi AM, dimanche et lundi matin<\/p>\t\t\t\t\t\t\t\t<\/div>\n\t\t\t\t<\/div>\n\t\t\t\t\t<\/div>\n\t\t<\/div>\n\t\t\t\t<div class=\"aux-parallax-section elementor-column elementor-col-66 elementor-top-column elementor-element elementor-element-3b984c0\" data-id=\"3b984c0\" data-element_type=\"column\" data-e-type=\"column\">\n\t\t\t<div class=\"elementor-widget-wrap elementor-element-populated\">\n\t\t\t\t\t\t<div class=\"elementor-element elementor-element-57535d4 elementor-widget__width-initial elementor-widget elementor-widget-image\" data-id=\"57535d4\" data-element_type=\"widget\" data-e-type=\"widget\" data-widget_type=\"image.default\">\n\t\t\t\t<div class=\"elementor-widget-container\">\n\t\t\t\t\t\t\t\t\t\t\t\t\t\t\t<img decoding=\"async\" width=\"643\" height=\"752\" src=\"https:\/\/tarchala-lezillustrations.com\/wp-content\/uploads\/2026\/05\/Capture-decran-2026-05-07-a-08.54.35.png\" class=\"attachment-large size-large wp-image-2657\" alt=\"\" \/>\t\t\t\t\t\t\t\t\t\t\t\t\t\t\t<\/div>\n\t\t\t\t<\/div>\n\t\t\t\t\t<\/div>\n\t\t<\/div>\n\t\t\t\t\t<\/div>\n\t\t<\/section>\n\t\t\t\t<section class=\"elementor-section elementor-top-section elementor-element elementor-element-d07fddf elementor-section-boxed elementor-section-height-default elementor-section-height-default\" data-id=\"d07fddf\" data-element_type=\"section\" data-e-type=\"section\">\n\t\t\t\t\t\t<div class=\"elementor-container elementor-column-gap-default\">\n\t\t\t\t\t<div class=\"aux-parallax-section elementor-column elementor-col-33 elementor-top-column elementor-element elementor-element-4f1955c\" data-id=\"4f1955c\" data-element_type=\"column\" data-e-type=\"column\">\n\t\t\t<div class=\"elementor-widget-wrap elementor-element-populated\">\n\t\t\t\t\t\t<div class=\"elementor-element elementor-element-9773e3e elementor-widget elementor-widget-text-editor\" data-id=\"9773e3e\" data-element_type=\"widget\" data-e-type=\"widget\" data-widget_type=\"text-editor.default\">\n\t\t\t\t<div class=\"elementor-widget-container\">\n\t\t\t\t\t\t\t\t\t<p><strong>******************************************************<br \/><\/strong><strong>Salon du livre jeunesse d&rsquo;annonay<\/strong> <br \/>25 avril 2026<\/p>\t\t\t\t\t\t\t\t<\/div>\n\t\t\t\t<\/div>\n\t\t\t\t\t<\/div>\n\t\t<\/div>\n\t\t\t\t<div class=\"aux-parallax-section elementor-column elementor-col-66 elementor-top-column elementor-element elementor-element-52cf2d3\" data-id=\"52cf2d3\" data-element_type=\"column\" data-e-type=\"column\">\n\t\t\t<div class=\"elementor-widget-wrap elementor-element-populated\">\n\t\t\t\t\t\t<div class=\"elementor-element elementor-element-c7cc076 elementor-widget__width-initial elementor-widget elementor-widget-image\" data-id=\"c7cc076\" data-element_type=\"widget\" data-e-type=\"widget\" data-widget_type=\"image.default\">\n\t\t\t\t<div class=\"elementor-widget-container\">\n\t\t\t\t\t\t\t\t\t\t\t\t\t\t\t<img loading=\"lazy\" decoding=\"async\" width=\"886\" height=\"1024\" src=\"https:\/\/tarchala-lezillustrations.com\/wp-content\/uploads\/2026\/05\/LionGamine-p20a-886x1024.jpg\" class=\"attachment-large size-large wp-image-2658\" alt=\"\" \/>\t\t\t\t\t\t\t\t\t\t\t\t\t\t\t<\/div>\n\t\t\t\t<\/div>\n\t\t\t\t\t<\/div>\n\t\t<\/div>\n\t\t\t\t\t<\/div>\n\t\t<\/section>\n\t\t\t\t<\/div>\n\t\t","protected":false},"excerpt":{"rendered":"<p>******************************************************D\u00e9dicace \u00e0 la librairie Le Grenier \u00e0 Dinan Samedi apr\u00e8s-midi 20 juin 2026 ******************************************************D\u00e9dicaces \u00e0 la librairie les Baronnes perch\u00e9es \u00e0 Liffr\u00e9Samedi apr\u00e8s-midi 30 mai 2026 ******************************************************Festival Etonnant Voyageur \u00e0 St Malo 23-24-25 mai 2026Samedi AM, dimanche et lundi matin ******************************************************Salon du livre jeunesse d&rsquo;annonay 25 avril 2026<\/p>\n","protected":false},"author":1,"featured_media":0,"parent":0,"menu_order":0,"comment_status":"closed","ping_status":"closed","template":"","meta":{"footnotes":""},"class_list":["post-2237","page","type-page","status-publish","hentry"],"_links":{"self":[{"href":"https:\/\/tarchala-lezillustrations.com\/index.php?rest_route=\/wp\/v2\/pages\/2237","targetHints":{"allow":["GET"]}}],"collection":[{"href":"https:\/\/tarchala-lezillustrations.com\/index.php?rest_route=\/wp\/v2\/pages"}],"about":[{"href":"https:\/\/tarchala-lezillustrations.com\/index.php?rest_route=\/wp\/v2\/types\/page"}],"author":[{"embeddable":true,"href":"https:\/\/tarchala-lezillustrations.com\/index.php?rest_route=\/wp\/v2\/users\/1"}],"replies":[{"embeddable":true,"href":"https:\/\/tarchala-lezillustrations.com\/index.php?rest_route=%2Fwp%2Fv2%2Fcomments&post=2237"}],"version-history":[{"count":16,"href":"https:\/\/tarchala-lezillustrations.com\/index.php?rest_route=\/wp\/v2\/pages\/2237\/revisions"}],"predecessor-version":[{"id":2683,"href":"https:\/\/tarchala-lezillustrations.com\/index.php?rest_route=\/wp\/v2\/pages\/2237\/revisions\/2683"}],"wp:attachment":[{"href":"https:\/\/tarchala-lezillustrations.com\/index.php?rest_route=%2Fwp%2Fv2%2Fmedia&parent=2237"}],"curies":[{"name":"wp","href":"https:\/\/api.w.org\/{rel}","templated":true}]}}